{"id":651,"date":"2023-02-17T12:20:14","date_gmt":"2023-02-17T12:20:14","guid":{"rendered":"https:\/\/advisortalks.com.br\/2025\/?page_id=651"},"modified":"2025-08-14T21:04:29","modified_gmt":"2025-08-14T21:04:29","slug":"home","status":"publish","type":"page","link":"https:\/\/advisortalks.com.br\/2025\/","title":{"rendered":"Home"},"content":{"rendered":"\n<p><\/p>\n\n\n\n<p><\/p>\n\n\n\n<p> <\/p>\n\n\n\n<p><\/p>\n","protected":false},"excerpt":{"rendered":"","protected":false},"author":1,"featured_media":0,"parent":0,"menu_order":3,"comment_status":"closed","ping_status":"closed","template":"","meta":{"inline_featured_image":false,"footnotes":""},"class_list":["post-651","page","type-page","status-publish","hentry"],"acf":[],"yoast_head":"<!-- This site is optimized with the Yoast SEO Premium plugin v25.9 (Yoast SEO v26.1.1) - https:\/\/yoast.com\/wordpress\/plugins\/seo\/ -->\n<title>Home - Advisor Talks 2025<\/title>\n<meta name=\"description\" content=\"O mercado financeiro brasileiro se reunir\u00e1 para discutir temas cruciais como normativas, modelos de remunera\u00e7\u00e3o, impacto dos influenciadores e novas perspectivas no mercado de cr\u00e9dito privado. Participe desse evento digital imperd\u00edvel e mantenha-se atualizado com as \u00faltimas tend\u00eancias e inova\u00e7\u00f5es do setor.\" \/>\n<meta name=\"robots\" content=\"index, follow, max-snippet:-1, max-image-preview:large, max-video-preview:-1\" \/>\n<link rel=\"canonical\" href=\"https:\/\/advisortalks.com.br\/2025\/\" \/>\n<meta property=\"og:locale\" content=\"pt_BR\" \/>\n<meta property=\"og:type\" content=\"article\" \/>\n<meta property=\"og:title\" content=\"Home\" \/>\n<meta property=\"og:description\" content=\"O mercado financeiro brasileiro se reunir\u00e1 para discutir temas cruciais como normativas, modelos de remunera\u00e7\u00e3o, impacto dos influenciadores e novas perspectivas no mercado de cr\u00e9dito privado. Participe desse evento digital imperd\u00edvel e mantenha-se atualizado com as \u00faltimas tend\u00eancias e inova\u00e7\u00f5es do setor.\" \/>\n<meta property=\"og:url\" content=\"https:\/\/advisortalks.com.br\/2025\/\" \/>\n<meta property=\"og:site_name\" content=\"Advisor Talks 2025\" \/>\n<meta property=\"article:modified_time\" content=\"2025-08-14T21:04:29+00:00\" \/>\n<meta name=\"twitter:card\" content=\"summary_large_image\" \/>\n<meta name=\"twitter:label1\" content=\"Est. tempo de leitura\" \/>\n\t<meta name=\"twitter:data1\" content=\"4 minutos\" \/>\n<script type=\"application\/ld+json\" class=\"yoast-schema-graph\">{\"@context\":\"https:\/\/schema.org\",\"@graph\":[{\"@type\":\"WebPage\",\"@id\":\"https:\/\/advisortalks.com.br\/2025\/\",\"url\":\"https:\/\/advisortalks.com.br\/2025\/\",\"name\":\"Home - Advisor Talks 2025\",\"isPartOf\":{\"@id\":\"https:\/\/advisortalks.com.br\/2025\/#website\"},\"datePublished\":\"2023-02-17T12:20:14+00:00\",\"dateModified\":\"2025-08-14T21:04:29+00:00\",\"description\":\"O mercado financeiro brasileiro se reunir\u00e1 para discutir temas cruciais como normativas, modelos de remunera\u00e7\u00e3o, impacto dos influenciadores e novas perspectivas no mercado de cr\u00e9dito privado. Participe desse evento digital imperd\u00edvel e mantenha-se atualizado com as \u00faltimas tend\u00eancias e inova\u00e7\u00f5es do setor.\",\"breadcrumb\":{\"@id\":\"https:\/\/advisortalks.com.br\/2025\/#breadcrumb\"},\"inLanguage\":\"pt-BR\",\"potentialAction\":[{\"@type\":\"ReadAction\",\"target\":[\"https:\/\/advisortalks.com.br\/2025\/\"]}]},{\"@type\":\"BreadcrumbList\",\"@id\":\"https:\/\/advisortalks.com.br\/2025\/#breadcrumb\",\"itemListElement\":[{\"@type\":\"ListItem\",\"position\":1,\"name\":\"Home\",\"item\":\"https:\/\/advisortalks.com.br\/2025\/\"},{\"@type\":\"ListItem\",\"position\":2,\"name\":\"Home\"}]},{\"@type\":\"WebSite\",\"@id\":\"https:\/\/advisortalks.com.br\/2025\/#website\",\"url\":\"https:\/\/advisortalks.com.br\/2025\/\",\"name\":\"Advisor Talks - 2\u00ba Congresso dos Acessos de Investimento\",\"description\":\"\",\"publisher\":{\"@id\":\"https:\/\/advisortalks.com.br\/2025\/#organization\"},\"potentialAction\":[{\"@type\":\"SearchAction\",\"target\":{\"@type\":\"EntryPoint\",\"urlTemplate\":\"https:\/\/advisortalks.com.br\/2025\/?s={search_term_string}\"},\"query-input\":{\"@type\":\"PropertyValueSpecification\",\"valueRequired\":true,\"valueName\":\"search_term_string\"}}],\"inLanguage\":\"pt-BR\"},{\"@type\":[\"Organization\",\"Place\"],\"@id\":\"https:\/\/advisortalks.com.br\/2025\/#organization\",\"name\":\"2\u00ba Congresso dos Acessos de Investimento\",\"url\":\"https:\/\/advisortalks.com.br\/2025\/\",\"logo\":{\"@id\":\"https:\/\/advisortalks.com.br\/2025\/#local-main-organization-logo\"},\"image\":{\"@id\":\"https:\/\/advisortalks.com.br\/2025\/#local-main-organization-logo\"},\"telephone\":[],\"openingHoursSpecification\":[{\"@type\":\"OpeningHoursSpecification\",\"dayOfWeek\":[\"Monday\",\"Tuesday\",\"Wednesday\",\"Thursday\",\"Friday\",\"Saturday\",\"Sunday\"],\"opens\":\"09:00\",\"closes\":\"17:00\"}]},{\"@type\":\"ImageObject\",\"inLanguage\":\"pt-BR\",\"@id\":\"https:\/\/advisortalks.com.br\/2025\/#local-main-organization-logo\",\"url\":\"https:\/\/advisortalks.com.br\/2025\/wp-content\/uploads\/2024\/07\/BrandPrincipal.svg\",\"contentUrl\":\"https:\/\/advisortalks.com.br\/2025\/wp-content\/uploads\/2024\/07\/BrandPrincipal.svg\",\"width\":178,\"height\":53,\"caption\":\"2\u00ba Congresso dos Acessos de Investimento\"}]}<\/script>\n<!-- \/ Yoast SEO Premium plugin. -->","yoast_head_json":{"title":"Home - Advisor Talks 2025","description":"O mercado financeiro brasileiro se reunir\u00e1 para discutir temas cruciais como normativas, modelos de remunera\u00e7\u00e3o, impacto dos influenciadores e novas perspectivas no mercado de cr\u00e9dito privado. Participe desse evento digital imperd\u00edvel e mantenha-se atualizado com as \u00faltimas tend\u00eancias e inova\u00e7\u00f5es do setor.","robots":{"index":"index","follow":"follow","max-snippet":"max-snippet:-1","max-image-preview":"max-image-preview:large","max-video-preview":"max-video-preview:-1"},"canonical":"https:\/\/advisortalks.com.br\/2025\/","og_locale":"pt_BR","og_type":"article","og_title":"Home","og_description":"O mercado financeiro brasileiro se reunir\u00e1 para discutir temas cruciais como normativas, modelos de remunera\u00e7\u00e3o, impacto dos influenciadores e novas perspectivas no mercado de cr\u00e9dito privado. Participe desse evento digital imperd\u00edvel e mantenha-se atualizado com as \u00faltimas tend\u00eancias e inova\u00e7\u00f5es do setor.","og_url":"https:\/\/advisortalks.com.br\/2025\/","og_site_name":"Advisor Talks 2025","article_modified_time":"2025-08-14T21:04:29+00:00","twitter_card":"summary_large_image","twitter_misc":{"Est. tempo de leitura":"4 minutos"},"schema":{"@context":"https:\/\/schema.org","@graph":[{"@type":"WebPage","@id":"https:\/\/advisortalks.com.br\/2025\/","url":"https:\/\/advisortalks.com.br\/2025\/","name":"Home - Advisor Talks 2025","isPartOf":{"@id":"https:\/\/advisortalks.com.br\/2025\/#website"},"datePublished":"2023-02-17T12:20:14+00:00","dateModified":"2025-08-14T21:04:29+00:00","description":"O mercado financeiro brasileiro se reunir\u00e1 para discutir temas cruciais como normativas, modelos de remunera\u00e7\u00e3o, impacto dos influenciadores e novas perspectivas no mercado de cr\u00e9dito privado. Participe desse evento digital imperd\u00edvel e mantenha-se atualizado com as \u00faltimas tend\u00eancias e inova\u00e7\u00f5es do setor.","breadcrumb":{"@id":"https:\/\/advisortalks.com.br\/2025\/#breadcrumb"},"inLanguage":"pt-BR","potentialAction":[{"@type":"ReadAction","target":["https:\/\/advisortalks.com.br\/2025\/"]}]},{"@type":"BreadcrumbList","@id":"https:\/\/advisortalks.com.br\/2025\/#breadcrumb","itemListElement":[{"@type":"ListItem","position":1,"name":"Home","item":"https:\/\/advisortalks.com.br\/2025\/"},{"@type":"ListItem","position":2,"name":"Home"}]},{"@type":"WebSite","@id":"https:\/\/advisortalks.com.br\/2025\/#website","url":"https:\/\/advisortalks.com.br\/2025\/","name":"Advisor Talks - 2\u00ba Congresso dos Acessos de Investimento","description":"","publisher":{"@id":"https:\/\/advisortalks.com.br\/2025\/#organization"},"potentialAction":[{"@type":"SearchAction","target":{"@type":"EntryPoint","urlTemplate":"https:\/\/advisortalks.com.br\/2025\/?s={search_term_string}"},"query-input":{"@type":"PropertyValueSpecification","valueRequired":true,"valueName":"search_term_string"}}],"inLanguage":"pt-BR"},{"@type":["Organization","Place"],"@id":"https:\/\/advisortalks.com.br\/2025\/#organization","name":"2\u00ba Congresso dos Acessos de Investimento","url":"https:\/\/advisortalks.com.br\/2025\/","logo":{"@id":"https:\/\/advisortalks.com.br\/2025\/#local-main-organization-logo"},"image":{"@id":"https:\/\/advisortalks.com.br\/2025\/#local-main-organization-logo"},"telephone":[],"openingHoursSpecification":[{"@type":"OpeningHoursSpecification","dayOfWeek":["Monday","Tuesday","Wednesday","Thursday","Friday","Saturday","Sunday"],"opens":"09:00","closes":"17:00"}]},{"@type":"ImageObject","inLanguage":"pt-BR","@id":"https:\/\/advisortalks.com.br\/2025\/#local-main-organization-logo","url":"https:\/\/advisortalks.com.br\/2025\/wp-content\/uploads\/2024\/07\/BrandPrincipal.svg","contentUrl":"https:\/\/advisortalks.com.br\/2025\/wp-content\/uploads\/2024\/07\/BrandPrincipal.svg","width":178,"height":53,"caption":"2\u00ba Congresso dos Acessos de Investimento"}]}},"_links":{"self":[{"href":"https:\/\/advisortalks.com.br\/2025\/wp-json\/wp\/v2\/pages\/651","targetHints":{"allow":["GET"]}}],"collection":[{"href":"https:\/\/advisortalks.com.br\/2025\/wp-json\/wp\/v2\/pages"}],"about":[{"href":"https:\/\/advisortalks.com.br\/2025\/wp-json\/wp\/v2\/types\/page"}],"author":[{"embeddable":true,"href":"https:\/\/advisortalks.com.br\/2025\/wp-json\/wp\/v2\/users\/1"}],"replies":[{"embeddable":true,"href":"https:\/\/advisortalks.com.br\/2025\/wp-json\/wp\/v2\/comments?post=651"}],"version-history":[{"count":86,"href":"https:\/\/advisortalks.com.br\/2025\/wp-json\/wp\/v2\/pages\/651\/revisions"}],"predecessor-version":[{"id":4050,"href":"https:\/\/advisortalks.com.br\/2025\/wp-json\/wp\/v2\/pages\/651\/revisions\/4050"}],"wp:attachment":[{"href":"https:\/\/advisortalks.com.br\/2025\/wp-json\/wp\/v2\/media?parent=651"}],"curies":[{"name":"wp","href":"https:\/\/api.w.org\/{rel}","templated":true}]}}